 - 257. Let y be v(-5). What is the hundreds digit of (-12 - -11)*(1 + y)?
7
Suppose 8*k + 786 = 2578. Let d = k - 148. Suppose d*o = 70*o + 72. What is the units digit of o?
2
Let n(w) be the third derivative of 5*w**4/24 + 3*w**3 - 6*w**2. Let i be n(-3). What is the units digit of (-483)/(-14) + i/(-6)?
4
Let b be (-952)/(-154) + 2/(-11). Suppose -2*h = b, 6*c + 1456 = 7*c - 4*h. What is the tens digit of c?
4
Suppose -33*r + 30*r - 3 = 3*v, 0 = -2*v - 8. Let f be (-1 + 3)/4*0. Suppose 5*o - 2*g + 3*g = 417, -2*o - r*g + 172 = f. What is the units digit of o?
3
Suppose 8*a = 2*q + 7*a + 2, -2*a = q - 4. Suppose q = -2*b + 3*t + 363, -2*b - 2*t = -284 - 64. What is the tens digit of b?
7
Suppose -2*w - 4*u = -w + 11, 5*w - u = 8. Let r be 0 + (1 - (-5 + w)). Suppose -5*p = -5*v - 430, -p + r*v + 48 + 50 = 0. What is the tens digit of p?
8
Suppose 389*m - 21948350 + 4296308 = 0. What is the tens digit of m?
7
Let s(u) = -30. Let g(y) = y + 59. Let h(j) = 3*g(j) + 5*s(j). Let z be h(-7). Let d(x) = 3*x - 16. What is the units digit of d(z)?
2
Let y(m) = -m**3 + 26*m**2 - 24*m - 23. Let d be y(25). Suppose -d*g - 3*h + 47 = 0, -g + h = 3*h - 24. What is the tens digit of (3 - 31/11) + 1690/g?
7
Suppose 3*o + 589 = -b + 15280, -3*b = -3*o + 14703. What is the thousands digit of o?
4
Suppose -1800*u = 3*c - 1804*u - 16365, -21821 = -4*c + 5*u. What is the hundreds digit of c?
4
Let g = 8 - 5. Suppose -384 = -g*w + 672. Let i = w + -236. What is the tens digit of i?
1
Suppose -1136*i + 1159*i = 46. Suppose -2*j - 2*q = -14, -5*j - 3*q + 31 = q. Suppose -15 = 3*t + i*r - 255, 0 = j*t - r - 249. What is the units digit of t?
2
Let p(d) = -9*d - 83. Let f be p(-4). Let b = 265 - f. What is the tens digit of b?
1
Let x = 16 - 14. Suppose -4*g + 21 = -g. Suppose -x*v - 940 = -g*v. What is the hundreds digit of v?
1
Suppose -151 = -a + 11. Let o be a/12*16/3. Let b = o + -39. What is the units digit of b?
3
Suppose 5*o - i - 1718 = 0, -3*i - 1066 - 293 = -4*o. What is the tens digit of o?
4
Let f(c) = -2*c + 30. Let d be f(13). Suppose 0 = -d*w - 5*r + 174, -5*w + 4*r + 236 = r. Suppose -2*t + 138 = -w. What is the units digit of t?
2
Let f be (-10)/8 - (-2)/8. Let a be f - -2 - 5 - -9. Suppose -5*p - a*i = -180, -5*p - 3*i + 235 - 55 = 0. What is the tens digit of p?
3
Let o be 4/(-18) + ((-142674)/(-27) - -3). Suppose o = 5*m - 253. Suppose 298 = -5*l + m. What is the units digit of l?
2
Let t(h) = -h + 48. Let j be t(21). Let r(w) = j - 32*w + 54 + 36*w. What is the tens digit of r(26)?
8
Let l = 64150 - 39181. What is the ten thousands digit of l?
2
Let q(t) = -47*t + 330. Suppose -2*u - 37 = 5*w - 3, 0 = -4*u + 3*w - 94. What is the tens digit of q(u)?
6
Suppose 6145 = 4*o + o. Let r = o + -760. What is the tens digit of 4/1*(r/28 + 7)?
9
Suppose -l - 30*v = -25*v + 745, -2*l + 2*v - 1430 = 0. What is the units digit of 240/(-30) + l/(-1)?
2
Let s = -5502 - -5564. What is the units digit of s?
2
Suppose 144574 + 72 = 62*y. What is the hundreds digit of y?
3
Let h(l) = 757*l - 5825. What is the hundreds digit of h(56)?
5
What is the tens digit of 5 + (-9 - 441*-44)?
0
Suppose 2*n - n = 638 + 5049. What is the tens digit of n?
8
Let m(g) = -4*g**2 + 513*g + 18. What is the units digit of m(48)?
6
Let d = 129 + 35. Suppose 4*a = 4*q, -6*q + q = -20. Suppose 4*r = 2*h - d, -a*h + 98 + 216 = -r. What is the tens digit of h?
7
Let d = -3111 - -3803. What is the tens digit of d?
9
Let k = 2499 + 12739. What is the units digit of k?
8
Suppose -82 - 230 = -12*i. Suppose k - i = -24. Suppose k*y = 4*b + 144, 5*y = 3*y + 3*b + 142. What is the units digit of y?
8
Suppose 12 = -11*r + 45. Suppose 3*l = 2*b + 427 + 43, -5*l + r*b + 784 = 0. What is the tens digit of l?
5
Let t(d) = 11219*d**2 + 193*d + 194. What is the thousands digit of t(-1)?
1
Let u be (0/(0 + 1))/(38/(-38)). Let d(z) = -3*z - 14. Let v be d(-6). Suppose h + 331 = v*j, -j + u*j = -h - 79. What is the units digit of j?
4
Let u(i) = -826*i + 8715. What is the hundreds digit of u(-6)?
6
Let g(j) = -j**2 + 3*j + 2. Let w be g(-6). Let p = -50 - w. Suppose -x = p*l - 63, 252 = 4*x + l - 3*l. What is the tens digit of x?
6
Let b(j) = -j**2 - 20*j + 25. Let i be b(-21). Suppose -2*t = i*t + 132. Let u = 5 - t. What is the tens digit of u?
2
Suppose -2666*k = -2680*k + 483364. What is the hundreds digit of k?
5
Let v(a) = 4*a**3 + 20*a**2 + 40*a + 23. Let s(u) = 3*u**3 + 19*u**2 + 39*u + 23. Let c(f) = 5*s(f) - 4*v(f). What is the hundreds digit of c(15)?
5
Suppose v + 0*v = -2*j + 12, 3*v - 24 = -4*j. Suppose 7*t = j*t + 47. What is the tens digit of t?
4
What is the thousands digit of (56*(-8)/(-96))/((8/(-3582))/(-2))?
4
What is the ten thousands digit of (-137703)/(-12) - (4 - 33/12)?
1
Suppose -33*n + 96 = -n. Suppose n*p = -6, -4*a + 5*p + 100 = 2. What is the tens digit of a?
2
Let w = -4302 - -5383. What is the units digit of w?
1
Let u = -28 + 4. Suppose -130 = 7*p + 94. What is the units digit of 226/6 + p/u?
9
Suppose 4*x = -10*b + 12*b + 10438, 5*x = 3*b + 13048. Suppose -20*o - x = -13069. What is the tens digit of o?
2
Suppose h = -5*o - 10, -o - 4 = 5*h - 2. Suppose h = -21*g - g + 12562. What is the hundreds digit of g?
5
Suppose -12*n - 16 = -112. Let p(o) = 18*o + 90. What is the tens digit of p(n)?
3
Suppose -11526 = -y - 3*k - 1646, 0 = 3*k - 6. What is the units digit of y?
4
Suppose -3*r + 4*m = -30 - 598, -201 = -r + 3*m. Let t = 299 + r. What is the tens digit of t?
1
Let p = -200 - -195. Let d(j) = -5*j**3 - 2*j**2 - 2*j - 18. What is the tens digit of d(p)?
6
Let l be ((-1)/(-3))/(1/27). Let o(v) = 8*v + 1 + 2 + v + l. What is the units digit of o(7)?
5
Let w = -52252 - -119375. What is the hundreds digit of w?
1
Suppose 2*q - 10 = 0, -2*f = -0*f + 5*q - 17. Let u be 10*((-10)/f - 2). Suppose 374 + 66 = u*a. What is the units digit of a?
8
Let h be 15254/789*3/(-4)*-10. Suppose h*k + 13524 = 159*k. What is the tens digit of k?
6
Let z be (-2 - 2)*4/(-16)*25. Suppose y + z = -2*h + 7*h, 3*h - 15 = 2*y. Suppose y*f + 4*f = 3*p + 847, 0 = f + 2*p - 209. What is the hundreds digit of f?
2
Let c(r) = r**3 - 1. Let o be c(1). Let g be (3 - o) + 4 + 4. What is the tens digit of 1*25 - (g + -14)?
2
Suppose -18*s + s = 8479 - 155614. What is the hundreds digit of s?
6
Let u = 1924 + -1167. What is the hundreds digit of u?
7
Let n be (-476)/(-44) - (-6)/33. Let q = 28 + n. Let o = q - 30. What is the units digit of o?
9
What is the thousands digit of (36/60 + 82818/70)/((-32)/(-112))?
4
What is the tens digit of 25566*(0 - 2/(-12))?
6
Suppose 0 = 2*b - k - 25370, 10*k = -b + 13*k + 12675. What is the units digit of b?
7
Let c(y) = -y**2 - 5*y + 7. Let t be c(2). What is the units digit of (t/((-42)/(-1364)))/(6/(-9))?
1
Let r(a) = 603*a + 911. What is the units digit of r(13)?
0
Let d = 252 + -243. Suppose -410 + 4019 = d*u. What is the units digit of u?
1
Let n(v) be the first derivative of 2*v**3/3 - 9*v**2/2 + 10*v - 84. What is the tens digit of n(-5)?
0
Suppose -2*z - 288*t + 287*t + 3643 = 0, -4*z - 5*t + 7295 = 0. What is the thousands digit of z?
1
Let g(b) = 18*b**3 - 10*b**2 + 69*b - 29. What is the thousands digit of g(12)?
0
Let k be 20/(-3)*(-426)/8. Suppose 15 = 5*i - 2*i, k = -5*y + 4*i. What is the tens digit of -2 + (-3 - y) - -3?
6
Let k = 2359 - 1514. Suppose -6*s + 3695 - k = 0. What is the units digit of s?
5
Suppose -u + 864 = 8*u. Let d = -91 + u. Suppose 112 = d*z - 68. What is the tens digit of z?
3
Let a be 2/(-6) + 110/(-3). Suppose 0 = -16*l + 13*l - 3*j + 102, -4*l = -5*j - 100. Let f = l - a. What is the tens digit of f?
6
Suppose -647*k + 735 = -644*k. Let v be (12/8 - 1)*-228. Let j = v + k. What is the hundreds digit of j?
1
What is the hundreds digit of (-2 + 3 - 16)/((-105)/282940)?
4
Let c(r) = r**2 - r - 7. Let a(o) = -6*o - 13. Let n be a(-3). Suppose -n*b + 40 = 20. What is the units digit of c(b)?
5
Let f = -96 + 97. Let l(d) = -68*d + 7 - 96*d + f. What is the units digit of l(-1)?
2
Let k be (-140 - (-1 - 2))/1. Let j be (-1)/(-11 - 41571/(-3780)). Let r = j + k. What is the hundreds digit of r?
2
Suppose -559*m = -513*m - 1040980. What is the hundreds digit of m?
6
Suppose k + 4*h - 4293 = 15491, -h = -3*k + 59404. What is the units dig